he remainder when 91956397 is divided by 122?
117
What is the remainder when 16022937 is divided by 162?
3
Calculate the remainder when 4397947 is divided by 274870.
27
Calculate the remainder when 192879 is divided by 10.
9
What is the remainder when 11540898 is divided by 1493?
8
Calculate the remainder when 12773049 is divided by 436.
429
What is the remainder when 2322593 is divided by 232231?
283
What is the remainder when 9656425 is divided by 193128?
25
Calculate the remainder when 24583571 is divided by 12291712.
147
What is the remainder when 5666734 is divided by 809531?
17
What is the remainder when 860850 is divided by 238?
4
Calculate the remainder when 4060393 is divided by 3019.
2857
What is the remainder when 8278 is divided by 1152?
214
Calculate the remainder when 43722996 is divided by 460.
456
Calculate the remainder when 129999 is divided by 314.
3
What is the remainder when 4807649 is divided by 1327?
1255
Calculate the remainder when 10684531 is divided by 29.
3
What is the remainder when 1760100 is divided by 6543?
33
Calculate the remainder when 3034561 is divided by 110.
101
Calculate the remainder when 41674887 is divided by 249.
6
Calculate the remainder when 525147 is divided by 4647.
36
What is the remainder when 13329766 is divided by 684?
658
What is the remainder when 2223171 is divided by 1111056?
1059
What is the remainder when 1031509 is divided by 441?
10
What is the remainder when 10873933 is divided by 7453?
6
What is the remainder when 5749288 is divided by 1631?
13
What is the remainder when 1251456 is divided by 10516?
52
What is the remainder when 1188698 is divided by 91436?
30
Calculate the remainder when 19675615 is divided by 73.
71
What is the remainder when 298509 is divided by 5037?
1326
Calculate the remainder when 41239204 is divided by 2757.
2755
What is the remainder when 103501 is divided by 17244?
37
Calculate the remainder when 3964951 is divided by 20.
11
What is the remainder when 50754358 is divided by 16918115?
13
What is the remainder when 825586 is divided by 98?
34
What is the remainder when 869862 is divided by 7?
0
What is the remainder when 62568 is divided by 4082?
1338
What is the remainder when 17478973 is divided by 3178?
3151
Calculate the remainder when 7824440 is divided by 289792.
56
Calculate the remainder when 60050 is divided by 9931.
464
What is the remainder when 443445 is divided by 147678?
411
Calculate the remainder when 33046931 is divided by 412.
411
Calculate the remainder when 786469 is divided by 196609.
33
Calculate the remainder when 3669892 is divided by 74.
10
What is the remainder when 12067823 is divided by 93549?
2
Calculate the remainder when 6672830 is divided by 47.
5
What is the remainder when 314530186 is divided by 42?
40
What is the remainder when 24940458 is divided by 6017?
6010
Calculate the remainder when 1613186 is divided by 492.
410
What is the remainder when 199859 is divided by 2776?
2763
Calculate the remainder when 82353 is divided by 40668.
1017
Calculate the remainder when 42131452 is divided by 8426288.
12
Calculate the remainder when 3586204 is divided by 4788.
4780
What is the remainder when 796778 is divided by 19415?
763
Calculate the remainder when 44853906 is divided by 1302.
6
Calculate the remainder when 5614035 is divided by 1521.
24
What is the remainder when 23804505 is divided by 23804429?
76
Calculate the remainder when 14378016 is divided by 255.
96
What is the remainder when 902161 is divided by 37590?
1
What is the remainder when 584712 is divided by 44977?
11
What is the remainder when 101315919 is divided by 3671?
3661
Calculate the remainder when 2778349 is divided by 1242.
1237
Calculate the remainder when 1072882 is divided by 153247.
153
Calculate the remainder when 607071 is divided by 2522.
1791
Calculate the remainder when 1172079 is divided by 364.
363
Calculate the remainder when 38464162 is divided by 53.
48
Calculate the remainder when 4570398 is divided by 1301.
1286
What is the remainder when 359093017 is divided by 44?
41
Calculate the remainder when 35861638 is divided by 7172323.
23
What is the remainder when 11616669 is divided by 65?
64
What is the remainder when 18259911 is divided by 1304?
1303
Calculate the remainder when 6361 is divided by 2413.
1535
Calculate the remainder when 787614 is divided by 155787.
8679
What is the remainder when 9480352 is divided by 25832?
8
Calculate the remainder when 37724 is divided by 497.
449
Calculate the remainder when 128265 is divided by 304.
281
Calculate the remainder when 166410787 is divided by 155.
152
What is the remainder when 304478 is divided by 76110?
38
Calculate the remainder when 44003 is divided by 1342.
1059
What is the remainder when 136491 is divided by 5051?
114
Calculate the remainder when 53573870 is divided by 195525.
20
What is the remainder when 176584 is divided by 22042?
248
What is the remainder when 984972 is divided by 18?
12
Calculate the remainder when 470145429 is divided by 391.
382
What is the remainder when 52752 is divided by 184?
128
Calculate the remainder when 310051 is divided by 980.
371
Calculate the remainder when 12740294 is divided by 11753.
42
What is the remainder when 2952631 is divided by 328068?
19
What is the remainder when 4360631 is divided by 44?
11
What is the remainder when 134378302 is divided by 31?
29
Calculate the remainder when 50365403 is divided by 113.
60
Calculate the remainder when 1175225 is divided by 916.
913
What is the remainder when 2658889 is divided by 26?
25
Calculate the remainder when 155813 is divided by 7418.
35
Calculate the remainder when 64820443 is divided by 3086687.
16
Calculate the remainder when 54503 is divided by 5341.
1093
What is the remainder when 435330 is divided by 761?
38
What is the remainder when 1813612 is divided by 521?
11
Calculate the remainder when 8385694 is divided by 48.
46
What is the remainder when 7273841 is divided by 24?
17
What is the remainder when 2805121 is divided by 1561?
4
What is the remainder when 14392 is divided by 4543?
763
Calculate the remainder when 484959 is divided by 94948.
10219
Calculate the remainder when 2334876 is divided by 83372.
460
What is the remainder when 12023756 is divided by 136?
132
What is the remainder when 145553 is divided by 145007?
546
Calculate the remainder when 161860 is divided by 4257.
94
Calculate the remainder when 969109 is divided by 11937.
2212
Calculate the remainder when 47159 is divided by 1470.
119
Calculate the remainder when 35833885 is divided by 673.
0
What is the remainder when 7888559 is divided by 9436?
63
What is the remainder when 148387489 is divided by 63?
61
What is the remainder when 2724276 is divided by 395?
356
Calculate the remainder when 958503 is divided by 119811.
15
Calculate the remainder when 1165470 is divided by 388103.
1161
Calculate the remainder when 15044548 is divided by 50.
48
Calculate the remainder when 406708 is divided by 3151.
229
Calculate the remainder when 476261 is divided by 474185.
2076
What is the remainder when 401191 is divided by 5731?
21
Calculate the remainder when 77198 is divided by 114.
20
Calculate the remainder when 42205 is divided by 4630.
535
What is the remainder when 333135 is divided by 1251?
369
What is the remainder when 81268 is divided by 13209?
2014
Calculate the remainder when 87642 is divided by 14289.
1908
What is the remainder when 408022 is divided by 32?
22
Calculate the remainder when 2381901 is divided by 239.
27
Calculate the remainder when 58943 is divided by 3443.
412
What is the remainder when 695319 is divided by 231649?
372
Calculate the remainder when 28927 is divided by 9011.
1894
What is the remainder when 16005976 is divided by 55384?
0
What is the remainder when 1642964 is divided by 547623?
95
Calculate the remainder when 7639 is divided by 2117.
1288
Calculate the remainder when 194715826 is divided by 5268.
10
What is the remainder when 350274 is divided by 29188?
18
Calculate the remainder when 323067 is divided by 80742.
99
Calculate the remainder when 48897998 is divided by 2875.
2873
What is the remainder when 344064 is divided by 1860?
1824
What is the remainder when 32062666 is divided by 23?
22
